is the remainder when s is divided by 46?
41
Suppose -105*i = -137*i - 800. Calculate the remainder when 272 is divided by (-7 - 160/i)*23*-5.
65
Suppose -121 + 1111 = 6*b. Calculate the remainder when 822 is divided by b.
162
Calculate the remainder when 881 is divided by (-2)/(3 - (-2120)/(-704)) + -2.
11
Let b(t) = 0*t - 16 + 2*t - 3*t + 3*t. Suppose -2*z - 223 = -5*q, -3*q + 0*z + 149 = -5*z. Calculate the remainder when q is divided by b(12).
3
Let n = 637 - 443. Let i = -127 + n. Calculate the remainder when i is divided by 17.
16
Let r(c) = 161*c - 749. Calculate the remainder when r(7) is divided by 4.
2
Let i(r) = -r**2 - 48*r - 408. What is the remainder when i(-14) is divided by 7?
5
Let m(b) = -19*b + 15. Let y be m(1). Let q = -3 + 9. What is the remainder when 3/q + (-194)/y is divided by 26?
23
Let n(p) = p**3 - 8*p**2 + 10*p + 14. Let w be n(6). Suppose 171 = w*u - k, 0 = 5*u - 6*k + k - 425. Calculate the remainder when u is divided by 15.
11
Suppose 479 = 5*d - a, 3*a + 349 + 118 = 5*d. What is the remainder when 293 is divided by d?
2
Suppose -5*b + 8*b = -4*d + 622, -d = b - 208. Suppose 3*m - 4*v = 156, b = 3*m - 3*v + 57. What is the remainder when m is divided by 41?
7
Let w = -732 - -849. Let p = 67 + -47. Calculate the remainder when w is divided by p.
17
Let x = 16026 + -15965. Calculate the remainder when 98 is divided by x.
37
What is the remainder when 24/(19 - (-13516)/(-712)) is divided by 204?
200
Let f(j) = -j**3 + 19*j**2 - 61*j + 14. Let g be f(15). Calculate the remainder when g/(-8) - 623/(-8) is divided by 14.
8
Let g = -10 + -57. Let v = g - -65. Let c(w) = 12*w**2 + 2*w + 4. What is the remainder when c(v) is divided by 14?
6
Suppose n = -7*z + 423 - 65, -253 = -5*z + 2*n. What is the remainder when z is divided by 1 + -2 + 4*5?
13
Suppose 3*l - 8*l = -5*f + 4755, 2885 = 3*f + 5*l. Let a = 12 - 2. What is the remainder when f/20 - 7/(-28) is divided by a?
8
Let b = 3080 - 3048. Calculate the remainder when 457 is divided by b.
9
Let h(z) = 5*z + 17. Let l be (-4 + 14)*(-1184)/(-20). Let k = l - 257. Calculate the remainder when k is divided by h(5).
41
Suppose -3*c + d + 96 = 0, 105 = 5*c - 3*d - 51. What is the remainder when 1584/4 - (0/(-2) + 3) is divided by c?
30
Let p(w) = w - 3. Let s = 934 + -877. Calculate the remainder when s is divided by p(23).
17
Suppose -25*s + 4*s = 548856. What is the remainder when (-4)/(-9) + s/(-243) is divided by 4?
0
What is the remainder when 4075 - -24*(-2)/16 is divided by 16?
8
Let r(o) = -124*o**3 + 3*o**2 + 6*o + 132. Calculate the remainder when r(-5) is divided by 16.
13
Let c = 7384 + -6967. Calculate the remainder when c is divided by 11.
10
Suppose 2*o = -q + 191, 0 = 3*q + q + 3*o - 779. Suppose 5*w - 138 = q. What is the remainder when w is divided by 1 + 2*10/((-80)/(-132))?
33
Let f be (-16 + 18)*-58*1. Let c = -64 - f. What is the remainder when c is divided by 47?
5
Suppose -k = y - 3, 2*y + 61 = -k + 64. Suppose -p - 122 = -l + p, k = -p. Calculate the remainder when l is divided by 18.
8
Suppose w + 459 = -2*w. What is the remainder when w*(12/4)/(-9) is divided by 13?
12
Let h(u) = -4*u**3 - 5*u**2 - 7*u - 34. Calculate the remainder when h(-4) is divided by 93.
77
Let y = -10248 + 10971. Calculate the remainder when y is divided by 35.
23
Let k be (-9)/1*(8 - (-101)/3). Let q = k - -396. What is the remainder when 186 is divided by q?
18
Let h(d) = d**3 + 6*d**2 + 2*d - 19. Let u be h(-5). Calculate the remainder when 13 is divided by 2 - ((-12 - u) + (6 - 1)).
3
Suppose b - 4 = -h - 2, 40 = 5*h - 5*b. Let v = -1112 + 1551. Calculate the remainder when v is divided by h.
4
What is the remainder when (-14)/(-2*3/18) is divided by 6*(1 + -3)*((-56)/24 + 2)?
2
Let d(h) = -16*h**2 - 504*h - 124. What is the remainder when 4176 is divided by d(-30)?
4
Let q be -1*(2/4)/((-7)/(-7126)). Let w = -273 - q. Calculate the remainder when w is divided by 15.
11
Let g(h) = 284*h**2 - 44*h - 170. Let r be g(-4). Suppose 0 = -64*b - 1286 + r. What is the remainder when 406 is divided by b?
49
Suppose -70 = -12*v + 135 + 167. Calculate the remainder when 462 is divided by v.
28
Suppose -4*q + 1071 = -s, 2*s = 2*q + 5*s - 553. What is the remainder when q is divided by (-8 - -9)*(-2 - -2 - -69)?
62
Suppose 0 = 4*f + 44 + 8. Let g = f - -51. Suppose -g*b - 16 = -39*b. What is the remainder when 31 is divided by b?
15
Suppose 2*h - 5420 = -4*j, -929*j + 3*h = -928*j - 1334. What is the remainder when j is divided by 52?
0
Suppose -3*c = -4*c + 28. Let h = 41 - c. Suppose 20*o - 28 = h*o. What is the remainder when 41 is divided by o?
1
Suppose 49 = 4*s - 83. Let j = -22 + s. Suppose 40*c = 16*c + 744. Calculate the remainder when c is divided by j.
9
Let i = 223 + 418. Let b = i + -630. Calculate the remainder when 16 is divided by b.
5
Let j(a) = -3*a**3 + 10*a**2 + 8*a + 4. Let u be j(5). Let p = -70 - u. Suppose 108 = p*m - 541. What is the remainder when m is divided by 15?
14
Let g(t) = -t**2 + 31*t + 94. Let a be g(27). Let y = a - -2. Calculate the remainder when y is divided by 41.
40
Suppose 0 = -x + 2*g + 31, 0 = 2*x + 3*g - 27. Suppose -2*u = -u + x. Calculate the remainder when 17 is divided by u/9*(-3)/1.
3
Let f(y) = -y**3 - 18*y**2 - 12*y + 11. Let v be f(-19). Let m = 627 - v. What is the remainder when 92 is divided by m?
11
Let p = -59 - -58. Let o be (-1212)/(-10) - (-9)/(-45) - p. Let u = o + -111. Calculate the remainder when 74 is divided by u.
8
Suppose 0 = -2*r - 2. Let f(a) = -3*a + 2*a**2 + 0*a - 3 + a**2 + 1. What is the remainder when 17 is divided by f(r)?
1
Let c = -35 - -40. Let r = 359 + -215. Calculate the remainder when r is divided by c.
4
Suppose -20*n + 272 + 2688 = 0. Let b = -150 + 46. Let z = b + n. What is the remainder when 175 is divided by z?
43
Calculate the remainder when 111 is divided by 5 + (-3078)/(-30) + 1*16/40.
3
Suppose 0 = -285*l + 309*l - 8376. Calculate the remainder when l is divided by 16.
13
Let j = -5620 + 6279. What is the remainder when j is divided by 51?
47
Let n(y) = y**3 - 18*y**2 - 35*y - 48. Let l be n(20). Let a = l + 34. Calculate the remainder when a is divided by 11.
9
Suppose 0 = -b - 2*v + 483, 966 = b + b - 5*v. Suppose -1431 - b = -22*i. What is the remainder when i is divided by 50?
37
Suppose -27*o + 32*o = 2610. Calculate the remainder when o is divided by (31 - 0) + 6 + (-5 - -3).
32
Let l(j) = j**2 - 5*j - 10. Let u = -47 - -55. Let z be ((-6)/u)/((-3)/(-12)). Calculate the remainder when 124 is divided by l(z).
12
Let p(t) = -9*t**3 + 9*t**2 + 2*t - 25. What is the remainder when p(-4) is divided by 34?
7
Suppose 4*p + 247 = 1535. Suppose -j + 688 = 4*b, p = -3*b + 5*b - 5*j. Calculate the remainder when b is divided by 16.
11
Let b(w) be the second derivative of 0 - 20*w**2 + 5/3*w**3 - 24*w. What is the remainder when b(8) is divided by 14?
12
Let f(o) = 16*o - 294*o**2 + 601*o**2 - 302*o**2 + 11. Let p = 21 - -4. Calculate the remainder when f(-6) is divided by p.
20
Let k(c) = 4*c**2 - 29*c - 9. Let u be k(8). Suppose 22*q - u*q = 4074. Calculate the remainder when q is divided by 11.
10
Suppose 0*o + 2*o = 866 + 1808. Calculate the remainder when o is divided by 61.
56
Suppose -2*m + 3 = -6*z + z, -5*z = -4*m - 19. Let h = m + 18. Let y(f) = 16*f**2 + 5655*f - 5653. Calculate the remainder when y(1) is divided by h.
4
Let z = 133 + -192. Let r = 55 + z. Calculate the remainder when 118 is divided by r/8 + 93/6.
13
Let c(n) = -n**3 + 10*n**2. Let m be c(10). Suppose m = g - 65 - 56. Calculate the remainder when g is divided by 21.
16
Suppose -10*n = -4*n - 18. Let t(h) = n*h**3 - 22*h**2 - 4*h**3 + 9 + 6. What is the remainder when 58 is divided by t(-22)?
13
Suppose -5*w + 2*t + t - 3 = 0, 4*t - 4 = w. Suppose -3*y + 47 + 442 = w. Let n = y + -36. Calculate the remainder when n is divided by 26.
23
Let x(c) = -292*c - 1632. Calculate the remainder when 466 is divided by x(-6).
106
Suppose -3*m = -4*v + 3413, -3*v = -144*m + 142*m - 2560. Calculate the remainder when 882 is divided by v.
28
Let x(k) = -k**2 + 6*k + 6. Let i be x(5). Let t be (66/(-10))/(2 + i/(-5)). Suppose -t*s + 37*s - 132 = 0. What is the remainder when 63 is divided by s?
30
Let v(d) = 7*d**2 - 4*d + 4. S